{"id":25,"date":"2026-01-05T19:36:23","date_gmt":"2026-01-05T18:36:23","guid":{"rendered":"https:\/\/mission-romualdarlette.fr\/?page_id=25"},"modified":"2026-01-27T20:05:03","modified_gmt":"2026-01-27T19:05:03","slug":"qui-sommes-nous","status":"publish","type":"page","link":"https:\/\/mission-romualdarlette.fr\/index.php\/qui-sommes-nous\/","title":{"rendered":"Qui sommes nous ?"},"content":{"rendered":"\t\t<div data-elementor-type=\"wp-page\" data-elementor-id=\"25\" class=\"elementor elementor-25\" data-elementor-post-type=\"page\">\n\t\t\t\t\t\t<section class=\"elementor-section elementor-top-section elementor-element elementor-element-7fa7cfc4 elementor-section-boxed elementor-section-height-default elementor-section-height-default\" data-id=\"7fa7cfc4\" data-element_type=\"section\" data-settings=\"{&quot;background_background&quot;:&quot;classic&quot;,&quot;ekit_has_onepagescroll_dot&quot;:&quot;yes&quot;}\">\n\t\t\t\t\t\t\t<div class=\"elementor-background-overlay\"><\/div>\n\t\t\t\t\t\t\t<div class=\"elementor-container elementor-column-gap-default\">\n\t\t\t\t\t<div class=\"elementor-column elementor-col-100 elementor-top-column elementor-element elementor-element-561e89a1\" data-id=\"561e89a1\" data-element_type=\"column\">\n\t\t\t<div class=\"elementor-widget-wrap elementor-element-populated\">\n\t\t\t\t\t\t<div class=\"elementor-element elementor-element-36ff61ed animated-slow elementor-invisible elementor-widget elementor-widget-heading\" data-id=\"36ff61ed\" data-element_type=\"widget\" data-settings=\"{&quot;_animation&quot;:&quot;fadeInLeft&quot;,&quot;ekit_we_effect_on&quot;:&quot;none&quot;}\" data-widget_type=\"heading.default\">\n\t\t\t\t\t<h2 class=\"elementor-heading-title elementor-size-default\">QUI SOMMES NOUS ?<\/h2>\t\t\t\t<\/div>\n\t\t\t\t<div class=\"elementor-element elementor-element-3f9d987c animated-slow elementor-invisible elementor-widget elementor-widget-text-editor\" data-id=\"3f9d987c\" data-element_type=\"widget\" data-settings=\"{&quot;_animation&quot;:&quot;fadeInRight&quot;,&quot;ekit_we_effect_on&quot;:&quot;none&quot;}\" data-widget_type=\"text-editor.default\">\n\t\t\t\t\t\t\t\t\t<p>Un couple missionnaire<\/p>\t\t\t\t\t\t\t\t<\/div>\n\t\t\t\t\t<\/div>\n\t\t<\/div>\n\t\t\t\t\t<\/div>\n\t\t<\/section>\n\t\t\t\t<section class=\"elementor-section elementor-top-section elementor-element elementor-element-1ea4907f elementor-section-boxed elementor-section-height-default elementor-section-height-default\" data-id=\"1ea4907f\" data-element_type=\"section\" data-settings=\"{&quot;ekit_has_onepagescroll_dot&quot;:&quot;yes&quot;}\">\n\t\t\t\t\t\t<div class=\"elementor-container elementor-column-gap-default\">\n\t\t\t\t\t<div class=\"elementor-column elementor-col-50 elementor-top-column elementor-element elementor-element-33c88ab1\" data-id=\"33c88ab1\" data-element_type=\"column\">\n\t\t\t<div class=\"elementor-widget-wrap elementor-element-populated\">\n\t\t\t\t\t\t<div class=\"elementor-element elementor-element-3af859f0 animated-slow elementor-invisible elementor-widget elementor-widget-heading\" data-id=\"3af859f0\" data-element_type=\"widget\" data-settings=\"{&quot;_animation&quot;:&quot;fadeInLeft&quot;,&quot;ekit_we_effect_on&quot;:&quot;none&quot;}\" data-widget_type=\"heading.default\">\n\t\t\t\t\t<h2 class=\"elementor-heading-title elementor-size-default\"><b>A propos de nous<\/b><\/h2>\t\t\t\t<\/div>\n\t\t\t\t<div class=\"elementor-element elementor-element-514dc68 elementor-widget elementor-widget-text-editor\" data-id=\"514dc68\" data-element_type=\"widget\" data-settings=\"{&quot;ekit_we_effect_on&quot;:&quot;none&quot;}\" data-widget_type=\"text-editor.default\">\n\t\t\t\t\t\t\t\t\t<p class=\"font_8\">Fr\u00e8re Romuald HOUNGBO, catholique engag\u00e9 depuis 20 ans dans le Renouveau charismatique, fit sa rencontre personnelle avec le Christ au d\u00e9but des ann\u00e9es 2000, sous l\u2019impulsion du Fr\u00e8re Jean Plya. Au terme d&rsquo;une formation exigeante et d&rsquo;une longue p\u00e9riode d\u2019exp\u00e9rimentation vivante du feu de l\u2019Esprit Saint, sa croissance spirituelle fut marqu\u00e9e par diverses responsabilit\u00e9s (minist\u00e8re des jeunes, aum\u00f4nerie d\u2019h\u00f4pital et intercession pour les malades). Il a toujours eu la conviction qu\u2019un appel particulier na\u00eetrait de sa vocation matrimoniale, sans toutefois imaginer unir sa vie \u00e0 une femme non catholique.<\/p><p class=\"font_8\">\u200bDe son c\u00f4t\u00e9, Arlette MAYENGA, protestante \u00e9vang\u00e9lique depuis 20 ans elle aussi, demeurait r\u00e9solue : il lui paraissait absolument inconcevable d\u2019\u00e9pouser un catholique.<\/p><p class=\"font_8\">Comment Dieu a-t-Il pu rapprocher deux personnes fermement ancr\u00e9es dans des convictions si oppos\u00e9es, jusqu\u2019\u00e0 les conduire au mariage ?<\/p><p class=\"font_8\">\u200bLorsque Romuald rencontra Arlette, il fut anim\u00e9 d\u2019une certitude : \u00ab c\u2019est elle, ma future \u00e9pouse \u00bb. Ils d\u00e9couvrirent tous deux combien ils se compl\u00e9taient et partageaient une m\u00eame conception du mariage comme lieu de mission.<\/p><p class=\"font_8\">\u200bPort\u00e9s par l\u2019Esprit Saint, dans le discernement conduit sous l\u2019autorit\u00e9 de l\u2019\u00c9glise catholique et de la pastorale protestante, Romuald et Arlette sont devenus t\u00e9moins de la beaut\u00e9 de la diversit\u00e9 au sein du corps du Christ.<\/p><p>Unis par le mariage dans le Dioc\u00e8se de Versailles, Fr\u00e8re Romuald Houngbo et Arlette MAYENGA co-fondent \u00ab\u00a0la Mission Romuald Arlette\u00a0\u00bb. Ils sont envoy\u00e9s comme couple missionnaire au service de l\u2019unit\u00e9 des chr\u00e9tiens.<\/p>\t\t\t\t\t\t\t\t<\/div>\n\t\t\t\t<section class=\"elementor-section elementor-inner-section elementor-element elementor-element-2d369cb3 elementor-section-boxed elementor-section-height-default elementor-section-height-default\" data-id=\"2d369cb3\" data-element_type=\"section\" data-settings=\"{&quot;ekit_has_onepagescroll_dot&quot;:&quot;yes&quot;}\">\n\t\t\t\t\t\t<div class=\"elementor-container elementor-column-gap-default\">\n\t\t\t\t\t<div class=\"elementor-column elementor-col-50 elementor-inner-column elementor-element elementor-element-35fd1724\" data-id=\"35fd1724\" data-element_type=\"column\">\n\t\t\t<div class=\"elementor-widget-wrap\">\n\t\t\t\t\t\t\t<\/div>\n\t\t<\/div>\n\t\t\t\t<div class=\"elementor-column elementor-col-50 elementor-inner-column elementor-element elementor-element-f7e2129\" data-id=\"f7e2129\" data-element_type=\"column\">\n\t\t\t<div class=\"elementor-widget-wrap\">\n\t\t\t\t\t\t\t<\/div>\n\t\t<\/div>\n\t\t\t\t\t<\/div>\n\t\t<\/section>\n\t\t\t\t\t<\/div>\n\t\t<\/div>\n\t\t\t\t<div class=\"elementor-column elementor-col-50 elementor-top-column elementor-element elementor-element-44f341e5\" data-id=\"44f341e5\" data-element_type=\"column\" data-settings=\"{&quot;background_background&quot;:&quot;classic&quot;}\">\n\t\t\t<div class=\"elementor-widget-wrap elementor-element-populated\">\n\t\t\t\t\t\t<div class=\"elementor-element elementor-element-516a537 elementor-widget elementor-widget-spacer\" data-id=\"516a537\" data-element_type=\"widget\" data-settings=\"{&quot;ekit_we_effect_on&quot;:&quot;none&quot;}\" data-widget_type=\"spacer.default\">\n\t\t\t\t\t\t\t<div class=\"elementor-spacer\">\n\t\t\t<div class=\"elementor-spacer-inner\"><\/div>\n\t\t<\/div>\n\t\t\t\t\t\t<\/div>\n\t\t\t\t\t<\/div>\n\t\t<\/div>\n\t\t\t\t\t<\/div>\n\t\t<\/section>\n\t\t\t\t<section class=\"elementor-section elementor-top-section elementor-element elementor-element-16f86c7f elementor-section-boxed elementor-section-height-default elementor-section-height-default\" data-id=\"16f86c7f\" data-element_type=\"section\" data-settings=\"{&quot;background_background&quot;:&quot;classic&quot;,&quot;ekit_has_onepagescroll_dot&quot;:&quot;yes&quot;}\">\n\t\t\t\t\t\t<div class=\"elementor-container elementor-column-gap-default\">\n\t\t\t\t\t<div class=\"elementor-column elementor-col-100 elementor-top-column elementor-element elementor-element-98ac2ee\" data-id=\"98ac2ee\" data-element_type=\"column\">\n\t\t\t<div class=\"elementor-widget-wrap elementor-element-populated\">\n\t\t\t\t\t\t<section class=\"elementor-section elementor-inner-section elementor-element elementor-element-766d15a0 elementor-section-boxed elementor-section-height-default elementor-section-height-default\" data-id=\"766d15a0\" data-element_type=\"section\" data-settings=\"{&quot;ekit_has_onepagescroll_dot&quot;:&quot;yes&quot;}\">\n\t\t\t\t\t\t<div class=\"elementor-container elementor-column-gap-default\">\n\t\t\t\t\t<div class=\"elementor-column elementor-col-50 elementor-inner-column elementor-element elementor-element-4985435\" data-id=\"4985435\" data-element_type=\"column\" data-settings=\"{&quot;background_background&quot;:&quot;classic&quot;}\">\n\t\t\t<div class=\"elementor-widget-wrap\">\n\t\t\t\t\t<div class=\"elementor-background-overlay\"><\/div>\n\t\t\t\t\t\t\t<\/div>\n\t\t<\/div>\n\t\t\t\t<div class=\"elementor-column elementor-col-50 elementor-inner-column elementor-element elementor-element-7e3c7e46\" data-id=\"7e3c7e46\" data-element_type=\"column\" data-settings=\"{&quot;background_background&quot;:&quot;classic&quot;}\">\n\t\t\t<div class=\"elementor-widget-wrap elementor-element-populated\">\n\t\t\t\t\t<div class=\"elementor-background-overlay\"><\/div>\n\t\t\t\t\t\t<div class=\"elementor-element elementor-element-618b5705 animated-slow elementor-invisible elementor-widget elementor-widget-heading\" data-id=\"618b5705\" data-element_type=\"widget\" data-settings=\"{&quot;_animation&quot;:&quot;fadeInRight&quot;,&quot;ekit_we_effect_on&quot;:&quot;none&quot;}\" data-widget_type=\"heading.default\">\n\t\t\t\t\t<h2 class=\"elementor-heading-title elementor-size-default\"><b>Le Christ nous unit tous<\/b><\/h2>\t\t\t\t<\/div>\n\t\t\t\t<div class=\"elementor-element elementor-element-17b7a3bb elementor-widget elementor-widget-text-editor\" data-id=\"17b7a3bb\" data-element_type=\"widget\" data-settings=\"{&quot;ekit_we_effect_on&quot;:&quot;none&quot;}\" data-widget_type=\"text-editor.default\">\n\t\t\t\t\t\t\t\t\t<p class=\"font_8\">Bien que fa\u00e7onn\u00e9s par des traditions eccl\u00e9siales distinctes, Catholiques et Protestants confessons une m\u00eame foi en J\u00e9sus-Christ, Fils de Dieu, mort et ressuscit\u00e9 pour notre salut. <\/p><p class=\"font_8\">Cette foi commune en Christ d\u00e9passe nos diff\u00e9rences et nous invite \u00e0 avancer ensemble dans l\u2019unit\u00e9 et l\u2019engagement missionnaire.<\/p>\t\t\t\t\t\t\t\t<\/div>\n\t\t\t\t\t<\/div>\n\t\t<\/div>\n\t\t\t\t\t<\/div>\n\t\t<\/section>\n\t\t\t\t\t<\/div>\n\t\t<\/div>\n\t\t\t\t\t<\/div>\n\t\t<\/section>\n\t\t\t\t<\/div>\n\t\t","protected":false},"excerpt":{"rendered":"<p>QUI SOMMES NOUS ? Un couple missionnaire A propos de nous Fr\u00e8re Romuald HOUNGBO, catholique engag\u00e9 depuis 20 ans dans [&hellip;]<\/p>\n","protected":false},"author":2,"featured_media":0,"parent":0,"menu_order":0,"comment_status":"closed","ping_status":"closed","template":"elementor_header_footer","meta":{"site-sidebar-layout":"no-sidebar","site-content-layout":"","ast-site-content-layout":"full-width-container","site-content-style":"default","site-sidebar-style":"default","ast-global-header-display":"","ast-banner-title-visibility":"","ast-main-header-display":"","ast-hfb-above-header-display":"","ast-hfb-below-header-display":"","ast-hfb-mobile-header-display":"","site-post-title":"","ast-breadcrumbs-content":"","ast-featured-img":"disabled","footer-sml-layout":"","ast-disable-related-posts":"","theme-transparent-header-meta":"","adv-header-id-meta":"","stick-header-meta":"","header-above-stick-meta":"","header-main-stick-meta":"","header-below-stick-meta":"","astra-migrate-meta-layouts":"default","ast-page-background-enabled":"default","ast-page-background-meta":{"desktop":{"background-color":"var(--ast-global-color-5)","background-image":"","background-repeat":"repeat","background-position":"center center","background-size":"auto","background-attachment":"scroll","background-type":"","background-media":"","overlay-type":"","overlay-color":"","overlay-opacity":"","overlay-gradient":""},"tablet":{"background-color":"","background-image":"","background-repeat":"repeat","background-position":"center center","background-size":"auto","background-attachment":"scroll","background-type":"","background-media":"","overlay-type":"","overlay-color":"","overlay-opacity":"","overlay-gradient":""},"mobile":{"background-color":"","background-image":"","background-repeat":"repeat","background-position":"center center","background-size":"auto","background-attachment":"scroll","background-type":"","background-media":"","overlay-type":"","overlay-color":"","overlay-opacity":"","overlay-gradient":""}},"ast-content-background-meta":{"desktop":{"background-color":"var(--ast-global-color-4)","background-image":"","background-repeat":"repeat","background-position":"center center","background-size":"auto","background-attachment":"scroll","background-type":"","background-media":"","overlay-type":"","overlay-color":"","overlay-opacity":"","overlay-gradient":""},"tablet":{"background-color":"var(--ast-global-color-4)","background-image":"","background-repeat":"repeat","background-position":"center center","background-size":"auto","background-attachment":"scroll","background-type":"","background-media":"","overlay-type":"","overlay-color":"","overlay-opacity":"","overlay-gradient":""},"mobile":{"background-color":"var(--ast-global-color-4)","background-image":"","background-repeat":"repeat","background-position":"center center","background-size":"auto","background-attachment":"scroll","background-type":"","background-media":"","overlay-type":"","overlay-color":"","overlay-opacity":"","overlay-gradient":""}},"footnotes":""},"class_list":["post-25","page","type-page","status-publish","hentry"],"yoast_head":"<!-- This site is optimized with the Yoast SEO Premium plugin v26.6 (Yoast SEO v26.6) - https:\/\/yoast.com\/wordpress\/plugins\/seo\/ -->\n<title>Qui sommes nous ? - Mission Romuald Arlette<\/title>\n<meta name=\"description\" content=\"Pr\u00e9sentation , couple missionnaire, Romuald et Arlette Houngbo. Catholiques et \u00e9vang\u00e9liques ensemble. Oecum\u00e9nisme en France\" \/>\n<meta name=\"robots\" content=\"index, follow, max-snippet:-1, max-image-preview:large, max-video-preview:-1\" \/>\n<link rel=\"canonical\" href=\"https:\/\/mission-romualdarlette.fr\/index.php\/qui-sommes-nous\/\" \/>\n<meta property=\"og:locale\" content=\"fr_FR\" \/>\n<meta property=\"og:type\" content=\"article\" \/>\n<meta property=\"og:title\" content=\"Qui sommes nous ?\" \/>\n<meta property=\"og:description\" content=\"Pr\u00e9sentation , couple missionnaire, Romuald et Arlette Houngbo. Catholiques et \u00e9vang\u00e9liques ensemble. Oecum\u00e9nisme en France\" \/>\n<meta property=\"og:url\" content=\"https:\/\/mission-romualdarlette.fr\/index.php\/qui-sommes-nous\/\" \/>\n<meta property=\"og:site_name\" content=\"Mission Romuald Arlette\" \/>\n<meta property=\"article:modified_time\" content=\"2026-01-27T19:05:03+00:00\" \/>\n<meta property=\"og:image\" content=\"https:\/\/mission-romualdarlette.fr\/wp-content\/uploads\/2026\/01\/logo_mra_rectangle.png\" \/>\n\t<meta property=\"og:image:width\" content=\"1920\" \/>\n\t<meta property=\"og:image:height\" content=\"1080\" \/>\n\t<meta property=\"og:image:type\" content=\"image\/png\" \/>\n<meta name=\"twitter:card\" content=\"summary_large_image\" \/>\n<meta name=\"twitter:label1\" content=\"Dur\u00e9e de lecture estim\u00e9e\" \/>\n\t<meta name=\"twitter:data1\" content=\"2 minutes\" \/>\n<script type=\"application\/ld+json\" class=\"yoast-schema-graph\">{\"@context\":\"https:\/\/schema.org\",\"@graph\":[{\"@type\":\"WebPage\",\"@id\":\"https:\/\/mission-romualdarlette.fr\/index.php\/qui-sommes-nous\/\",\"url\":\"https:\/\/mission-romualdarlette.fr\/index.php\/qui-sommes-nous\/\",\"name\":\"Qui sommes nous ? - Mission Romuald Arlette\",\"isPartOf\":{\"@id\":\"https:\/\/mission-romualdarlette.fr\/#website\"},\"datePublished\":\"2026-01-05T18:36:23+00:00\",\"dateModified\":\"2026-01-27T19:05:03+00:00\",\"description\":\"Pr\u00e9sentation , couple missionnaire, Romuald et Arlette Houngbo. Catholiques et \u00e9vang\u00e9liques ensemble. Oecum\u00e9nisme en France\",\"breadcrumb\":{\"@id\":\"https:\/\/mission-romualdarlette.fr\/index.php\/qui-sommes-nous\/#breadcrumb\"},\"inLanguage\":\"fr-FR\",\"potentialAction\":[{\"@type\":\"ReadAction\",\"target\":[\"https:\/\/mission-romualdarlette.fr\/index.php\/qui-sommes-nous\/\"]}]},{\"@type\":\"BreadcrumbList\",\"@id\":\"https:\/\/mission-romualdarlette.fr\/index.php\/qui-sommes-nous\/#breadcrumb\",\"itemListElement\":[{\"@type\":\"ListItem\",\"position\":1,\"name\":\"Accueil\",\"item\":\"https:\/\/mission-romualdarlette.fr\/\"},{\"@type\":\"ListItem\",\"position\":2,\"name\":\"Qui sommes nous ?\"}]},{\"@type\":\"WebSite\",\"@id\":\"https:\/\/mission-romualdarlette.fr\/#website\",\"url\":\"https:\/\/mission-romualdarlette.fr\/\",\"name\":\"Mission Romuald Arlette\",\"description\":\"\",\"publisher\":{\"@id\":\"https:\/\/mission-romualdarlette.fr\/#organization\"},\"potentialAction\":[{\"@type\":\"SearchAction\",\"target\":{\"@type\":\"EntryPoint\",\"urlTemplate\":\"https:\/\/mission-romualdarlette.fr\/?s={search_term_string}\"},\"query-input\":{\"@type\":\"PropertyValueSpecification\",\"valueRequired\":true,\"valueName\":\"search_term_string\"}}],\"inLanguage\":\"fr-FR\"},{\"@type\":\"Organization\",\"@id\":\"https:\/\/mission-romualdarlette.fr\/#organization\",\"name\":\"Mission Romuald Arlette\",\"url\":\"https:\/\/mission-romualdarlette.fr\/\",\"logo\":{\"@type\":\"ImageObject\",\"inLanguage\":\"fr-FR\",\"@id\":\"https:\/\/mission-romualdarlette.fr\/#\/schema\/logo\/image\/\",\"url\":\"https:\/\/mission-romualdarlette.fr\/wp-content\/uploads\/2026\/01\/logo_mra_rectangle.png\",\"contentUrl\":\"https:\/\/mission-romualdarlette.fr\/wp-content\/uploads\/2026\/01\/logo_mra_rectangle.png\",\"width\":1920,\"height\":1080,\"caption\":\"Mission Romuald Arlette\"},\"image\":{\"@id\":\"https:\/\/mission-romualdarlette.fr\/#\/schema\/logo\/image\/\"},\"publishingPrinciples\":\"https:\/\/mission-romualdarlette.fr\/index.php\/politique-de-confidentialite\/\"}]}<\/script>\n<!-- \/ Yoast SEO Premium plugin. -->","yoast_head_json":{"title":"Qui sommes nous ? - Mission Romuald Arlette","description":"Pr\u00e9sentation , couple missionnaire, Romuald et Arlette Houngbo. Catholiques et \u00e9vang\u00e9liques ensemble. Oecum\u00e9nisme en France","robots":{"index":"index","follow":"follow","max-snippet":"max-snippet:-1","max-image-preview":"max-image-preview:large","max-video-preview":"max-video-preview:-1"},"canonical":"https:\/\/mission-romualdarlette.fr\/index.php\/qui-sommes-nous\/","og_locale":"fr_FR","og_type":"article","og_title":"Qui sommes nous ?","og_description":"Pr\u00e9sentation , couple missionnaire, Romuald et Arlette Houngbo. Catholiques et \u00e9vang\u00e9liques ensemble. Oecum\u00e9nisme en France","og_url":"https:\/\/mission-romualdarlette.fr\/index.php\/qui-sommes-nous\/","og_site_name":"Mission Romuald Arlette","article_modified_time":"2026-01-27T19:05:03+00:00","og_image":[{"width":1920,"height":1080,"url":"https:\/\/mission-romualdarlette.fr\/wp-content\/uploads\/2026\/01\/logo_mra_rectangle.png","type":"image\/png"}],"twitter_card":"summary_large_image","twitter_misc":{"Dur\u00e9e de lecture estim\u00e9e":"2 minutes"},"schema":{"@context":"https:\/\/schema.org","@graph":[{"@type":"WebPage","@id":"https:\/\/mission-romualdarlette.fr\/index.php\/qui-sommes-nous\/","url":"https:\/\/mission-romualdarlette.fr\/index.php\/qui-sommes-nous\/","name":"Qui sommes nous ? - Mission Romuald Arlette","isPartOf":{"@id":"https:\/\/mission-romualdarlette.fr\/#website"},"datePublished":"2026-01-05T18:36:23+00:00","dateModified":"2026-01-27T19:05:03+00:00","description":"Pr\u00e9sentation , couple missionnaire, Romuald et Arlette Houngbo. Catholiques et \u00e9vang\u00e9liques ensemble. Oecum\u00e9nisme en France","breadcrumb":{"@id":"https:\/\/mission-romualdarlette.fr\/index.php\/qui-sommes-nous\/#breadcrumb"},"inLanguage":"fr-FR","potentialAction":[{"@type":"ReadAction","target":["https:\/\/mission-romualdarlette.fr\/index.php\/qui-sommes-nous\/"]}]},{"@type":"BreadcrumbList","@id":"https:\/\/mission-romualdarlette.fr\/index.php\/qui-sommes-nous\/#breadcrumb","itemListElement":[{"@type":"ListItem","position":1,"name":"Accueil","item":"https:\/\/mission-romualdarlette.fr\/"},{"@type":"ListItem","position":2,"name":"Qui sommes nous ?"}]},{"@type":"WebSite","@id":"https:\/\/mission-romualdarlette.fr\/#website","url":"https:\/\/mission-romualdarlette.fr\/","name":"Mission Romuald Arlette","description":"","publisher":{"@id":"https:\/\/mission-romualdarlette.fr\/#organization"},"potentialAction":[{"@type":"SearchAction","target":{"@type":"EntryPoint","urlTemplate":"https:\/\/mission-romualdarlette.fr\/?s={search_term_string}"},"query-input":{"@type":"PropertyValueSpecification","valueRequired":true,"valueName":"search_term_string"}}],"inLanguage":"fr-FR"},{"@type":"Organization","@id":"https:\/\/mission-romualdarlette.fr\/#organization","name":"Mission Romuald Arlette","url":"https:\/\/mission-romualdarlette.fr\/","logo":{"@type":"ImageObject","inLanguage":"fr-FR","@id":"https:\/\/mission-romualdarlette.fr\/#\/schema\/logo\/image\/","url":"https:\/\/mission-romualdarlette.fr\/wp-content\/uploads\/2026\/01\/logo_mra_rectangle.png","contentUrl":"https:\/\/mission-romualdarlette.fr\/wp-content\/uploads\/2026\/01\/logo_mra_rectangle.png","width":1920,"height":1080,"caption":"Mission Romuald Arlette"},"image":{"@id":"https:\/\/mission-romualdarlette.fr\/#\/schema\/logo\/image\/"},"publishingPrinciples":"https:\/\/mission-romualdarlette.fr\/index.php\/politique-de-confidentialite\/"}]}},"_links":{"self":[{"href":"https:\/\/mission-romualdarlette.fr\/index.php\/wp-json\/wp\/v2\/pages\/25","targetHints":{"allow":["GET"]}}],"collection":[{"href":"https:\/\/mission-romualdarlette.fr\/index.php\/wp-json\/wp\/v2\/pages"}],"about":[{"href":"https:\/\/mission-romualdarlette.fr\/index.php\/wp-json\/wp\/v2\/types\/page"}],"author":[{"embeddable":true,"href":"https:\/\/mission-romualdarlette.fr\/index.php\/wp-json\/wp\/v2\/users\/2"}],"replies":[{"embeddable":true,"href":"https:\/\/mission-romualdarlette.fr\/index.php\/wp-json\/wp\/v2\/comments?post=25"}],"version-history":[{"count":58,"href":"https:\/\/mission-romualdarlette.fr\/index.php\/wp-json\/wp\/v2\/pages\/25\/revisions"}],"predecessor-version":[{"id":942,"href":"https:\/\/mission-romualdarlette.fr\/index.php\/wp-json\/wp\/v2\/pages\/25\/revisions\/942"}],"wp:attachment":[{"href":"https:\/\/mission-romualdarlette.fr\/index.php\/wp-json\/wp\/v2\/media?parent=25"}],"curies":[{"name":"wp","href":"https:\/\/api.w.org\/{rel}","templated":true}]}}